is c(x)?
-3
Let y(v) = v - 7. Let j(x) = -19*x + 202. Let p be j(10). Calculate y(p).
5
Let d(p) = -p**2 - p - 1. Let x be d(-3). Let o(f) be the second derivative of -f**5/20 - 7*f**4/12 - f**3/6 - 5*f**2/2 + 1494*f. What is o(x)?
2
Let l(i) = i**3 - 2*i**2 + i - 1. Suppose -s + 5*w = -1, 1 = s - 0*s - 3*w. Calculate l(s).
-1
Let h(o) = o + 2. Let m be h(2). Suppose -u - 2*b = -4, 4*b + m = -2*u + 6*u. Let t(p) = -4*p. Calculate t(u).
-8
Suppose 3*g = 8*g - 45. Suppose -4*m = -g*m + 10. Let l(u) = -u**3 - u**2 + 3*u - 1. Calculate l(m).
-7
Let g be (6/4)/(3/(-6)). Let n(m) = m + 14. Let s be n(-11). Let b(w) = s*w**3 - 2*w - 2 - w + 2*w**3 - 4*w**3 + 3*w**2. Give b(g).
7
Let g(r) = -11*r - r**3 + 211 - 66 + 2*r**2 - 65 - 14*r**2 - 69. Determine g(-11).
11
Let a(g) = -15*g**2 + g. Suppose -2*q - 8 = 0, 6*j = j - 3*q - 17. Determine a(j).
-16
Let j be -39 + (-5 + 4)*-1. Let p = 38 + j. Let t(h) = h**3 - 6. Determine t(p).
-6
Let l(h) = -9*h**3 - 5*h**2 + h + 3. Let w(n) = -11*n**3 - 5*n**2 + n + 3. Let d(m) = 6*l(m) - 5*w(m). Let t = 0 - -4. Give d(t).
-9
Let h(n) = -2*n**3 - 3*n**2 - 4*n - 2. Let l = -385 - -383. What is h(l)?
10
Let j(z) = z**2 - 1. Let f(s) = -s**3 - 8*s**2 + 21*s + 9. Suppose 68*i - 65*i = -30. Let x be f(i). Calculate j(x).
0
Let g(t) = t**2 - 4*t - 7. Suppose -4*u - 2*a = -28, -u + a = 4*u - 21. Give g(u).
-2
Let l(z) = z**2 - 9*z + 9. Let i(t) = -2*t + 4. Let g be i(-2). Suppose -7*o + 9*o = g. Suppose -5*q - o*b + 28 = -q, 3*b - 7 = -q. Determine l(q).
-5
Let d(k) be the third derivative of -k**6/120 - k**5/5 - 5*k**4/12 + 7*k**3/3 + 178*k**2. What is d(-11)?
3
Let m be (-12)/(-3) + (-3 - -2). Suppose 0 = 3*i - 2*s + 12, i + m*s = -0 + 7. Let t(x) = 3*x + 2. Calculate t(i).
-4
Let t(x) = x**2 - 4*x - 5. Let g = -60 - -73. Suppose 4*f = 6*f - 5*n + 17, 2*f = -n + g. What is t(f)?
-5
Let c(r) = r**3 + 2*r**2 - 7*r - 5. Suppose -2*p + 1 - 99 = -2*j, 2*p + 88 = 4*j. Let m be 2/(-9) + 204/p. Give c(m).
-9
Let y(c) = -c - 312 + 630 - 317. Determine y(-3).
4
Let u(i) = 3*i + 3391*i**3 + 4*i**2 - 3390*i**3 + 0*i. Suppose z - 2*z + 7 = -4*c, 4*c = -2*z - 10. Calculate u(c).
2
Let j(p) be the second derivative of p**3/6 + 11*p**2/2 - p. Let h be j(-8). Let w be (-4)/(-2) + 3/h. Let b(z) = z**3 - 2*z**2 - 5*z + 2. Calculate b(w).
-4
Let h = -1670 - -1674. Let q(v) = v**3 - 4*v**2 + 3*v + 2. Give q(h).
14
Let y = -26 + 29. Let m(b) = -b**3 - 9. Let g be m(0). Let r = g + y. Let o(w) = -w**3 - 5*w**2 + 6*w - 8. Calculate o(r).
-8
Let d(s) be the second derivative of -s**5/20 - s**4/12 - s**3/6 + 13*s**2/2 + s - 149. Give d(0).
13
Let u(y) = 3*y**2 - 42*y - 40. Let f be u(15). Let a(r) = r + 3. Calculate a(f).
8
Let s(l) = -5 - 267*l + 133*l + 137*l. What is s(-5)?
-20
Let k(w) = -16*w**3 - 13 - 6*w + 11*w**2 + 15*w**3 - 3*w**2 + 6. Determine k(7).
0
Let z(l) = l**3 - 12*l**2 - 12*l - 13. Let a be z(13). Let g(c) = 17*c**2 - 15*c**2 + c + a*c + c. Determine g(-3).
12
Let a(k) = k**3 + k**2 + k + 4. Suppose 5*z + 7 = 32. Suppose -4*u - 3*j = 1 + 8, -z*j = -2*u + 15. Suppose -3*l - 4 - 1 = b, u = l + 3*b + 15. Give a(l).
4
Suppose 56*w - 98 = -131 - 247. Let y(z) = 4 - 4 + 2*z + 4. Calculate y(w).
-6
Let f(q) be the second derivative of q**4/12 - q**3/2 - q**2/2 - 2*q + 38. What is f(2)?
-3
Let z(l) = l**3 + 24*l**2 + 21*l - 42. Let w be z(-23). Suppose 78 = -w*t + 74. Let j(n) = 19*n + 1. Calculate j(t).
-18
Let i(y) = -y - 5. Let m be i(-18). Suppose 3*t = -m - 5. Let j(n) = -3*n - 6. Determine j(t).
12
Let y(r) = r**3 - r - 3. Let z(h) = -2*h**3 + 7*h**2 + 3*h + 1. Let f be z(4). Give y(f).
-27
Let l(d) = -d**3 - 2. Suppose 38 = -5*w + 5*p + 8, 0 = -w + 3*p - 4. Let r be -30 + w/(14/4). Let c = 32 + r. Determine l(c).
-2
Let r = -18 - -10. Let p(o) be the second derivative of -o**3/6 - 19*o**2/2 + 2*o. Determine p(r).
-11
Let g(w) = -w + 4*w + 2 - 6. Suppose -43 = 4*u - 11. Let b = u + 12. What is g(b)?
8
Let b = 22 - 2. Let r = b - 17. Let z(k) = -k**3 + 3*k**3 + 0*k - 3*k**3 + 4*k**2 - 3*k - 2. Calculate z(r).
-2
Let w(f) = 2*f**3 + 4*f**2 + 4*f + 2. Let b be w(-2). Let j(i) = i + 0 - 2 + 6. Give j(b).
-2
Let x(o) be the third derivative of o**4/24 + 123*o**2. Let i be -3 - -1 - (-15 - -5). Determine x(i).
8
Let p be (-2)/4*(10 - 10). Suppose -2*k + 9 = u, 0*k + 2*k - 4*u - 4 = p. Let r be 4*((-9)/k - -3). Let s(f) = 5*f + 4. Give s(r).
19
Let j be (-1)/4 + 1/4. Let w(q) = 3*q**3 - 3*q - 9. Let m(o) = o**3 - o - 4. Suppose 0 = -3*k - 0 - 15. Let l(b) = k*m(b) + 2*w(b). What is l(j)?
2
Suppose 4 = -2*o + o. Let b = o + 3. Let j(t) = -97 - 3*t + 53 - 3*t + 2*t + 45. Give j(b).
5
Suppose -12*l + 7*l + 46 = -4*g, 0 = -2*l - 2*g + 4. Let u(c) = -3*c + 4. Determine u(l).
-14
Let y(d) = d**2. Let f(v) = -2*v**2 + v + 66. Let i be f(6). Determine y(i).
0
Let s(y) = y**2 - 5*y. Let w(u) = 1. Let z(b) = b - 11. Let c(x) = 5*w(x) + z(x). Let k be c(12). What is s(k)?
6
Let w be (-1768)/65*-5*2/4. Let s = 60 - w. Let h(z) = z**2 + 8*z + 5. Calculate h(s).
5
Let w(i) = -5*i**3 + 4*i**2 - 5*i - 17. Let c = -62 + 58. Let x(p) = -6*p**3 + 5*p**2 - 6*p - 18. Let j(b) = c*x(b) + 5*w(b). Calculate j(0).
-13
Let f(p) = -p**2 - 3*p + 7. Let y be 132/55 - 2/5. Suppose 7 = g + 4*o, 3*g + 2*g = y*o - 31. Determine f(g).
-3
Let k(o) = -5*o**3 + 5*o**2 - 12*o + 4. Let q(r) = r**3 + r - 1. Let z(s) = -k(s) - 6*q(s). Let p = -3866 + 3860. Calculate z(p).
2
Suppose -4*b = 2*c - 12, 4 = 5*c + 24. Let n(d) = 148 - 2*d + 4*d - 147. Give n(b).
11
Let t(x) = -4*x - 7*x + 3*x - x + 0*x - 2. Give t(3).
-29
Let n(h) = -7*h + 6 + 334*h**2 - 664*h**2 + 329*h**2. Determine n(-9).
-12
Let g(d) = d**2 + 6*d + 3. Let c = -3 + 6. Suppose 4*z = -c*a - 1, 2*z + 4 = 2*a - 0*a. Let v be (-2)/(9/6 - a). Determine g(v).
-5
Let c(z) = -z**2 - 3*z + 2. Let r(k) = 2*k**2 - 5. Let l be r(-4). Suppose 2*y + h + 28 = -3*h, -3*h - l = 3*y. Give c(y).
-2
Let q(a) = 5*a**2 - 1. Let z be ((1 + 0)/(-1))/(-66 - -67). What is q(z)?
4
Let q(a) be the third derivative of a**6/120 + 2*a**5/15 + a**4/4 + 5*a**3/6 + 174*a**2. Give q(-7).
12
Suppose -3*f + 14 = 2*i, 90*f - 87*f + 5*i - 26 = 0. Let p(n) = 2*n**3 - 2*n**2 + 2*n + 2. Calculate p(f).
14
Suppose -5*j + 2*j - 3 = 0. Let m(c) = -7 + 15 - 9 - 2*c + 0 - 4*c. Calculate m(j).
5
Let n(q) be the first derivative of q**3/3 + 3*q**2/2 - 2*q - 170. Determine n(-5).
8
Let x(g) = -4*g**2 + 33*g - 48. Let o(n) = 3*n**2 - 22*n + 32. Let m(c) = 7*o(c) + 5*x(c). Calculate m(-12).
-4
Let d(n) be the second derivative of n**5/20 - 5*n**4/12 - 7*n**3/6 + 2*n**2 + 38*n. Suppose -1 = f, v + 2*f = -2*f + 2. Give d(v).
-2
Let n(j) be the first derivative of j**6/360 - j**4/12 + j**3 - 13. Let l(z) be the third derivative of n(z). Let a(x) = x + 1. Let m be a(-3). Determine l(m).
2
Let u(n) = 11*n**2 + 24*n + 2. Let v(m) = -7*m**2 - 16*m - 1. Let d(h) = 5*u(h) + 8*v(h). Determine d(-9).
-7
Suppose -3*a + 22*h - 19 = 17*h, -2*a = -5*h + 11. Let y(b) = 2*b**2 + 10*b - 1. Calculate y(a).
47
Let g(d) = d**2 - 8*d + 6. Let l(k) = k**2 - 8*k + 5. Let q(o) = 2*g(o) - 3*l(o). Suppose -5*n = 5*x - 76 + 11, -4*n - 2*x = -42. Calculate q(n).
-3
Let c(x) be the first derivative of x**4/2 - 7*x**3/3 - 3*x**2 + 3*x + 199. Determine c(4).
-5
Let f(p) = p**2 + p + 1. Suppose -n + 108 = 35*n. Calculate f(n).
13
Let c(f) = -f**2 - 2*f - 4*f - 3*f - 5*f - 5 + 5*f. Determine c(-8).
3
Suppose 44 = -7*n + 11*n. Let f(v) = 0*v**2 + 12*v + v**2 - 7*v + n - 6*v. What is f(0)?
11
Let y be (-297)/(-99) + 1 + 4. Let q(o) = o**3 - 8*o**2 - 3*o - 1. Give q(y).
-25
Let c(z) = -z**2 + 1. Let m be 153/85 + (-1)/(-5). Let i(x) = -3*x**2 - 3*x**m - 2 + x**3 + 3*x - 2. Let y(d) = 2*c(d) - i(d). Calculate y(4).
-6
Let o(a) = 10*a + 21. Let t(k) = -9*k - 19. Let d(h) = 4*o(h) + 5*t(h). Calculate d(8).
-51
Let d be ((-2)/(-6))/(1/18). Suppose -9*s + d = -6*s. Let y(r) = -1 + s*r + 5*r**2 - 6*r**2 - 4*r - 6*r**3. Determine y(-1).
6
Let n(m) = -m**2 + 2*m. Let i be 2*(1 + (-5)/10). Determine n(i).
1
Let w(g) = g**3 + 5*g**2 + 3*g - 5. Let d = -2 + 4. Let b(u) = -u**2 - 4*u + 8. Let h be b(d). Determine w(h).
-1
Let l = -469 + 472. Let q(d) be the first derivative of -3*d - 2 - 1/3*d**l + 7/2*d**2. What is q(6)?
3
Let z(d) = d**3 + 14*d**2 - 15*d - 6. Let a be z(-15). Let s(c) = 2*c + 10. Let y be